{"version":"1.0","provider_name":"OGRODY DZIA\u0141KOWE S\u0141ONECZNA POLANA PAWLIKOWICE","provider_url":"https:\/\/rodslonecznapolana.pl","author_name":"slonecznapolanarod@gmail.com","author_url":"https:\/\/rodslonecznapolana.pl\/index.php\/author\/slonecznapolanarodgmail-com\/","title":"Zaproszenie na biesiad\u0119 06.08.2022r. godz.18.00 - OGRODY DZIA\u0141KOWE S\u0141ONECZNA POLANA PAWLIKOWICE","type":"rich","width":600,"height":338,"html":"<blockquote class=\"wp-embedded-content\" data-secret=\"kvXDtgOQ1g\"><a href=\"https:\/\/rodslonecznapolana.pl\/index.php\/2022\/07\/20\/zaproszenie-biesiade-06-08-2022r-godz-18-00\/\">Zaproszenie na biesiad\u0119 06.08.2022r. godz.18.00<\/a><\/blockquote><iframe sandbox=\"allow-scripts\" security=\"restricted\" src=\"https:\/\/rodslonecznapolana.pl\/index.php\/2022\/07\/20\/zaproszenie-biesiade-06-08-2022r-godz-18-00\/embed\/#?secret=kvXDtgOQ1g\" width=\"600\" height=\"338\" title=\"&#8222;Zaproszenie na biesiad\u0119 06.08.2022r. godz.18.00&#8221; &#8212; OGRODY DZIA\u0141KOWE S\u0141ONECZNA POLANA PAWLIKOWICE\" data-secret=\"kvXDtgOQ1g\" frameborder=\"0\" marginwidth=\"0\" marginheight=\"0\" scrolling=\"no\" class=\"wp-embedded-content\"><\/iframe><script type=\"text\/javascript\">\n\/* <![CDATA[ *\/\n\/*! This file is auto-generated *\/\n!function(d,l){\"use strict\";l.querySelector&&d.addEventListener&&\"undefined\"!=typeof URL&&(d.wp=d.wp||{},d.wp.receiveEmbedMessage||(d.wp.receiveEmbedMessage=function(e){var t=e.data;if((t||t.secret||t.message||t.value)&&!\/[^a-zA-Z0-9]\/.test(t.secret)){for(var s,r,n,a=l.querySelectorAll('iframe[data-secret=\"'+t.secret+'\"]'),o=l.querySelectorAll('blockquote[data-secret=\"'+t.secret+'\"]'),c=new RegExp(\"^https?:$\",\"i\"),i=0;i<o.length;i++)o[i].style.display=\"none\";for(i=0;i<a.length;i++)s=a[i],e.source===s.contentWindow&&(s.removeAttribute(\"style\"),\"height\"===t.message?(1e3<(r=parseInt(t.value,10))?r=1e3:~~r<200&&(r=200),s.height=r):\"link\"===t.message&&(r=new URL(s.getAttribute(\"src\")),n=new URL(t.value),c.test(n.protocol))&&n.host===r.host&&l.activeElement===s&&(d.top.location.href=t.value))}},d.addEventListener(\"message\",d.wp.receiveEmbedMessage,!1),l.addEventListener(\"DOMContentLoaded\",function(){for(var e,t,s=l.querySelectorAll(\"iframe.wp-embedded-content\"),r=0;r<s.length;r++)(t=(e=s[r]).getAttribute(\"data-secret\"))||(t=Math.random().toString(36).substring(2,12),e.src+=\"#?secret=\"+t,e.setAttribute(\"data-secret\",t)),e.contentWindow.postMessage({message:\"ready\",secret:t},\"*\")},!1)))}(window,document);\n\/* ]]> *\/\n<\/script>\n","thumbnail_url":"https:\/\/rodslonecznapolana.pl\/wp-content\/uploads\/2017\/08\/20-5.jpg","thumbnail_width":1024,"thumbnail_height":768,"description":"Muzyka, przyja\u017a\u0144, rado\u015b\u0107, \u015bmiech, \u017cycie \u0142atwiejsze staje si\u0119, przynie\u015bcie sobie wina dzban potem ruszamy razem w tan. B\u0119dzie, b\u0119dzie zabawa, b\u0119dzie si\u0119 dzia\u0142o i znowu nocy b\u0119dzie ma\u0142o. B\u0119dzie g\u0142o\u015bno, b\u0119dzie rado\u015bnie, zn\u00f3w przeta\u0144czymy razem ca\u0142\u0105 noc&#8221;\u00a0(no mo\u017ce p\u00f3\u0142) w sobot\u0119 6 sierpnia o godz. 18.00 przy stawie &nbsp; Zaprasza Zarz\u0105d ROD S\u0142oneczna Polana"}

OGRODY DZIAŁKOWE SŁONECZNA POLANA PAWLIKOWICE

Zaproszenie na biesiadę 06.08.2022r. godz.18.00 - OGRODY DZIAŁKOWE SŁONECZNA POLANA PAWLIKOWICE

<blockquote class="wp-embedded-content" data-secret="kvXDtgOQ1g"><a href="https://rodslonecznapolana.pl/index.php/2022/07/20/zaproszenie-biesiade-06-08-2022r-godz-18-00/">Zaproszenie na biesiadę 06.08.2022r. godz.18.00</a></blockquote><iframe sandbox="allow-scripts" security="restricted" src="https://rodslonecznapolana.pl/index.php/2022/07/20/zaproszenie-biesiade-06-08-2022r-godz-18-00/embed/#?secret=kvXDtgOQ1g" width="600" height="338" title="&#8222;Zaproszenie na biesiadę 06.08.2022r. godz.18.00&#8221; &#8212; OGRODY DZIAŁKOWE SŁONECZNA POLANA PAWLIKOWICE" data-secret="kvXDtgOQ1g" frameborder="0" marginwidth="0" marginheight="0" scrolling="no" class="wp-embedded-content"></iframe><script type="text/javascript">
/* <![CDATA[ */
/*! This file is auto-generated */
!function(d,l){"use strict";l.querySelector&&d.addEventListener&&"undefined"!=typeof URL&&(d.wp=d.wp||{},d.wp.receiveEmbedMessage||(d.wp.receiveEmbedMessage=function(e){var t=e.data;if((t||t.secret||t.message||t.value)&&!/[^a-zA-Z0-9]/.test(t.secret)){for(var s,r,n,a=l.querySelectorAll('iframe[data-secret="'+t.secret+'"]'),o=l.querySelectorAll('blockquote[data-secret="'+t.secret+'"]'),c=new RegExp("^https?:$","i"),i=0;i<o.length;i++)o[i].style.display="none";for(i=0;i<a.length;i++)s=a[i],e.source===s.contentWindow&&(s.removeAttribute("style"),"height"===t.message?(1e3<(r=parseInt(t.value,10))?r=1e3:~~r<200&&(r=200),s.height=r):"link"===t.message&&(r=new URL(s.getAttribute("src")),n=new URL(t.value),c.test(n.protocol))&&n.host===r.host&&l.activeElement===s&&(d.top.location.href=t.value))}},d.addEventListener("message",d.wp.receiveEmbedMessage,!1),l.addEventListener("DOMContentLoaded",function(){for(var e,t,s=l.querySelectorAll("iframe.wp-embedded-content"),r=0;r<s.length;r++)(t=(e=s[r]).getAttribute("data-secret"))||(t=Math.random().toString(36).substring(2,12),e.src+="#?secret="+t,e.setAttribute("data-secret",t)),e.contentWindow.postMessage({message:"ready",secret:t},"*")},!1)))}(window,document);
/* ]]> */
</script>

Muzyka, przyjaźń, radość, śmiech, życie łatwiejsze staje się, przynieście sobie wina dzban potem ruszamy razem w tan. Będzie, będzie zabawa, będzie się działo i znowu nocy będzie mało. Będzie głośno, będzie radośnie, znów przetańczymy razem całą noc&#8221; (no może pół) w sobotę 6 sierpnia o godz. 18.00 przy stawie &nbsp; Zaprasza Zarząd ROD Słoneczna Polana
