{"id":1129,"date":"2019-05-28T20:55:53","date_gmt":"2019-05-28T18:55:53","guid":{"rendered":"http:\/\/rodslonecznapolana.pl\/wp-content\/uploads\/2019\/05\/zaproszenie-dzie\u0144-dziecka-2019.doc"},"modified":"2019-05-28T20:55:53","modified_gmt":"2019-05-28T18:55:53","slug":"zaproszenie-dzien-dziecka-2019","status":"inherit","type":"attachment","link":"https:\/\/rodslonecznapolana.pl\/index.php\/2019\/05\/28\/zaproszenie-dzien-dziecka\/zaproszenie-dzien-dziecka-2019\/","title":{"rendered":"zaproszenie dzie\u0144 dziecka 2019"},"author":5,"featured_media":0,"comment_status":"closed","ping_status":"closed","template":"","meta":[],"yoast_head":"<!-- This site is optimized with the Yoast SEO plugin v22.6 - https:\/\/yoast.com\/wordpress\/plugins\/seo\/ -->\n<title>zaproszenie dzie\u0144 dziecka 2019 - OGRODY DZIA\u0141KOWE S\u0141ONECZNA POLANA PAWLIKOWICE<\/title>\n<meta name=\"robots\" content=\"index, follow, max-snippet:-1, max-image-preview:large, max-video-preview:-1\" \/>\n<link rel=\"canonical\" href=\"https:\/\/rodslonecznapolana.pl\/wp-content\/uploads\/2019\/05\/zaproszenie-dzie\u0144-dziecka-2019.doc\" \/>\n<meta property=\"og:locale\" content=\"pl_PL\" \/>\n<meta property=\"og:type\" content=\"article\" \/>\n<meta property=\"og:title\" content=\"zaproszenie dzie\u0144 dziecka 2019 - OGRODY DZIA\u0141KOWE S\u0141ONECZNA POLANA PAWLIKOWICE\" \/>\n<meta property=\"og:description\" content=\"zaproszenie dzie\u0144 dziecka 2019\" \/>\n<meta property=\"og:url\" content=\"https:\/\/rodslonecznapolana.pl\/wp-content\/uploads\/2019\/05\/zaproszenie-dzie\u0144-dziecka-2019.doc\" \/>\n<meta property=\"og:site_name\" content=\"OGRODY DZIA\u0141KOWE S\u0141ONECZNA POLANA PAWLIKOWICE\" \/>\n<meta name=\"twitter:card\" content=\"summary_large_image\" \/>\n<script type=\"application\/ld+json\" class=\"yoast-schema-graph\">{\"@context\":\"https:\/\/schema.org\",\"@graph\":[{\"@type\":\"WebPage\",\"@id\":\"https:\/\/rodslonecznapolana.pl\/wp-content\/uploads\/2019\/05\/zaproszenie-dzie\u0144-dziecka-2019.doc\",\"url\":\"https:\/\/rodslonecznapolana.pl\/wp-content\/uploads\/2019\/05\/zaproszenie-dzie\u0144-dziecka-2019.doc\",\"name\":\"zaproszenie dzie\u0144 dziecka 2019 - OGRODY DZIA\u0141KOWE S\u0141ONECZNA POLANA PAWLIKOWICE\",\"isPartOf\":{\"@id\":\"https:\/\/rodslonecznapolana.pl\/#website\"},\"datePublished\":\"2019-05-28T18:55:53+00:00\",\"dateModified\":\"2019-05-28T18:55:53+00:00\",\"breadcrumb\":{\"@id\":\"https:\/\/rodslonecznapolana.pl\/wp-content\/uploads\/2019\/05\/zaproszenie-dzie\u0144-dziecka-2019.doc#breadcrumb\"},\"inLanguage\":\"pl-PL\",\"potentialAction\":[{\"@type\":\"ReadAction\",\"target\":[\"https:\/\/rodslonecznapolana.pl\/wp-content\/uploads\/2019\/05\/zaproszenie-dzie\u0144-dziecka-2019.doc\"]}]},{\"@type\":\"BreadcrumbList\",\"@id\":\"https:\/\/rodslonecznapolana.pl\/wp-content\/uploads\/2019\/05\/zaproszenie-dzie\u0144-dziecka-2019.doc#breadcrumb\",\"itemListElement\":[{\"@type\":\"ListItem\",\"position\":1,\"name\":\"Strona g\u0142\u00f3wna\",\"item\":\"https:\/\/rodslonecznapolana.pl\/\"},{\"@type\":\"ListItem\",\"position\":2,\"name\":\"ZAPROSZENIE NA DZIE\u0143 DZIECKA\",\"item\":\"https:\/\/rodslonecznapolana.pl\/index.php\/2019\/05\/28\/zaproszenie-dzien-dziecka\/\"},{\"@type\":\"ListItem\",\"position\":3,\"name\":\"zaproszenie dzie\u0144 dziecka 2019\"}]},{\"@type\":\"WebSite\",\"@id\":\"https:\/\/rodslonecznapolana.pl\/#website\",\"url\":\"https:\/\/rodslonecznapolana.pl\/\",\"name\":\"OGRODY DZIA\u0141KOWE S\u0141ONECZNA POLANA PAWLIKOWICE\",\"description\":\"\",\"potentialAction\":[{\"@type\":\"SearchAction\",\"target\":{\"@type\":\"EntryPoint\",\"urlTemplate\":\"https:\/\/rodslonecznapolana.pl\/?s={search_term_string}\"},\"query-input\":\"required name=search_term_string\"}],\"inLanguage\":\"pl-PL\"}]}<\/script>\n<!-- \/ Yoast SEO plugin. -->","yoast_head_json":{"title":"zaproszenie dzie\u0144 dziecka 2019 - OGRODY DZIA\u0141KOWE S\u0141ONECZNA POLANA PAWLIKOWICE","robots":{"index":"index","follow":"follow","max-snippet":"max-snippet:-1","max-image-preview":"max-image-preview:large","max-video-preview":"max-video-preview:-1"},"canonical":"https:\/\/rodslonecznapolana.pl\/wp-content\/uploads\/2019\/05\/zaproszenie-dzie\u0144-dziecka-2019.doc","og_locale":"pl_PL","og_type":"article","og_title":"zaproszenie dzie\u0144 dziecka 2019 - OGRODY DZIA\u0141KOWE S\u0141ONECZNA POLANA PAWLIKOWICE","og_description":"zaproszenie dzie\u0144 dziecka 2019","og_url":"https:\/\/rodslonecznapolana.pl\/wp-content\/uploads\/2019\/05\/zaproszenie-dzie\u0144-dziecka-2019.doc","og_site_name":"OGRODY DZIA\u0141KOWE S\u0141ONECZNA POLANA PAWLIKOWICE","twitter_card":"summary_large_image","schema":{"@context":"https:\/\/schema.org","@graph":[{"@type":"WebPage","@id":"https:\/\/rodslonecznapolana.pl\/wp-content\/uploads\/2019\/05\/zaproszenie-dzie\u0144-dziecka-2019.doc","url":"https:\/\/rodslonecznapolana.pl\/wp-content\/uploads\/2019\/05\/zaproszenie-dzie\u0144-dziecka-2019.doc","name":"zaproszenie dzie\u0144 dziecka 2019 - OGRODY DZIA\u0141KOWE S\u0141ONECZNA POLANA PAWLIKOWICE","isPartOf":{"@id":"https:\/\/rodslonecznapolana.pl\/#website"},"datePublished":"2019-05-28T18:55:53+00:00","dateModified":"2019-05-28T18:55:53+00:00","breadcrumb":{"@id":"https:\/\/rodslonecznapolana.pl\/wp-content\/uploads\/2019\/05\/zaproszenie-dzie\u0144-dziecka-2019.doc#breadcrumb"},"inLanguage":"pl-PL","potentialAction":[{"@type":"ReadAction","target":["https:\/\/rodslonecznapolana.pl\/wp-content\/uploads\/2019\/05\/zaproszenie-dzie\u0144-dziecka-2019.doc"]}]},{"@type":"BreadcrumbList","@id":"https:\/\/rodslonecznapolana.pl\/wp-content\/uploads\/2019\/05\/zaproszenie-dzie\u0144-dziecka-2019.doc#breadcrumb","itemListElement":[{"@type":"ListItem","position":1,"name":"Strona g\u0142\u00f3wna","item":"https:\/\/rodslonecznapolana.pl\/"},{"@type":"ListItem","position":2,"name":"ZAPROSZENIE NA DZIE\u0143 DZIECKA","item":"https:\/\/rodslonecznapolana.pl\/index.php\/2019\/05\/28\/zaproszenie-dzien-dziecka\/"},{"@type":"ListItem","position":3,"name":"zaproszenie dzie\u0144 dziecka 2019"}]},{"@type":"WebSite","@id":"https:\/\/rodslonecznapolana.pl\/#website","url":"https:\/\/rodslonecznapolana.pl\/","name":"OGRODY DZIA\u0141KOWE S\u0141ONECZNA POLANA PAWLIKOWICE","description":"","potentialAction":[{"@type":"SearchAction","target":{"@type":"EntryPoint","urlTemplate":"https:\/\/rodslonecznapolana.pl\/?s={search_term_string}"},"query-input":"required name=search_term_string"}],"inLanguage":"pl-PL"}]}},"description":{"rendered":"<p class=\"attachment\"><a class=\"grouped_elements\" rel=\"tc-fancybox-group\" href=\"https:\/\/rodslonecznapolana.pl\/wp-content\/uploads\/2019\/05\/zaproszenie-dzie\u0144-dziecka-2019.doc\" title=\"zaproszenie dzie\u0144 dziecka 2019\">zaproszenie dzie\u0144 dziecka 2019<\/a><\/p>\n"},"caption":{"rendered":"<p>zaproszenie dzie\u0144 dziecka 2019<\/p>\n"},"alt_text":"","media_type":"file","mime_type":"application\/msword","media_details":{},"post":1128,"source_url":"https:\/\/rodslonecznapolana.pl\/wp-content\/uploads\/2019\/05\/zaproszenie-dzie\u0144-dziecka-2019.doc","_links":{"self":[{"href":"https:\/\/rodslonecznapolana.pl\/index.php\/wp-json\/wp\/v2\/media\/1129"}],"collection":[{"href":"https:\/\/rodslonecznapolana.pl\/index.php\/wp-json\/wp\/v2\/media"}],"about":[{"href":"https:\/\/rodslonecznapolana.pl\/index.php\/wp-json\/wp\/v2\/types\/attachment"}],"author":[{"embeddable":true,"href":"https:\/\/rodslonecznapolana.pl\/index.php\/wp-json\/wp\/v2\/users\/5"}],"replies":[{"embeddable":true,"href":"https:\/\/rodslonecznapolana.pl\/index.php\/wp-json\/wp\/v2\/comments?post=1129"}]}}

http://rodslonecznapolana.pl/wp-content/uploads/2019/05/zaproszenie-dzień-dziecka-2019.doc

zaproszenie dzień dziecka 2019

<!-- This site is optimized with the Yoast SEO plugin v22.6 - https://yoast.com/wordpress/plugins/seo/ -->
<title>zaproszenie dzień dziecka 2019 - OGRODY DZIAŁKOWE SŁONECZNA POLANA PAWLIKOWICE</title>
<meta name="robots" content="index, follow, max-snippet:-1, max-image-preview:large, max-video-preview:-1" />
<link rel="canonical" href="https://rodslonecznapolana.pl/wp-content/uploads/2019/05/zaproszenie-dzień-dziecka-2019.doc" />
<meta property="og:locale" content="pl_PL" />
<meta property="og:type" content="article" />
<meta property="og:title" content="zaproszenie dzień dziecka 2019 - OGRODY DZIAŁKOWE SŁONECZNA POLANA PAWLIKOWICE" />
<meta property="og:description" content="zaproszenie dzień dziecka 2019" />
<meta property="og:url" content="https://rodslonecznapolana.pl/wp-content/uploads/2019/05/zaproszenie-dzień-dziecka-2019.doc" />
<meta property="og:site_name" content="OGRODY DZIAŁKOWE SŁONECZNA POLANA PAWLIKOWICE" />
<meta name="twitter:card" content="summary_large_image" />
<script type="application/ld+json" class="yoast-schema-graph">{"@context":"https://schema.org","@graph":[{"@type":"WebPage","@id":"https://rodslonecznapolana.pl/wp-content/uploads/2019/05/zaproszenie-dzień-dziecka-2019.doc","url":"https://rodslonecznapolana.pl/wp-content/uploads/2019/05/zaproszenie-dzień-dziecka-2019.doc","name":"zaproszenie dzień dziecka 2019 - OGRODY DZIAŁKOWE SŁONECZNA POLANA PAWLIKOWICE","isPartOf":{"@id":"https://rodslonecznapolana.pl/#website"},"datePublished":"2019-05-28T18:55:53+00:00","dateModified":"2019-05-28T18:55:53+00:00","breadcrumb":{"@id":"https://rodslonecznapolana.pl/wp-content/uploads/2019/05/zaproszenie-dzień-dziecka-2019.doc#breadcrumb"},"inLanguage":"pl-PL","potentialAction":[{"@type":"ReadAction","target":["https://rodslonecznapolana.pl/wp-content/uploads/2019/05/zaproszenie-dzień-dziecka-2019.doc"]}]},{"@type":"BreadcrumbList","@id":"https://rodslonecznapolana.pl/wp-content/uploads/2019/05/zaproszenie-dzień-dziecka-2019.doc#breadcrumb","itemListElement":[{"@type":"ListItem","position":1,"name":"Strona główna","item":"https://rodslonecznapolana.pl/"},{"@type":"ListItem","position":2,"name":"ZAPROSZENIE NA DZIEŃ DZIECKA","item":"https://rodslonecznapolana.pl/index.php/2019/05/28/zaproszenie-dzien-dziecka/"},{"@type":"ListItem","position":3,"name":"zaproszenie dzień dziecka 2019"}]},{"@type":"WebSite","@id":"https://rodslonecznapolana.pl/#website","url":"https://rodslonecznapolana.pl/","name":"OGRODY DZIAŁKOWE SŁONECZNA POLANA PAWLIKOWICE","description":"","potentialAction":[{"@type":"SearchAction","target":{"@type":"EntryPoint","urlTemplate":"https://rodslonecznapolana.pl/?s={search_term_string}"},"query-input":"required name=search_term_string"}],"inLanguage":"pl-PL"}]}</script>
<!-- / Yoast SEO plugin. -->

zaproszenie dzień dziecka 2019 - OGRODY DZIAŁKOWE SŁONECZNA POLANA PAWLIKOWICE

https://rodslonecznapolana.pl/wp-content/uploads/2019/05/zaproszenie-dzień-dziecka-2019.doc

OGRODY DZIAŁKOWE SŁONECZNA POLANA PAWLIKOWICE

https://rodslonecznapolana.pl/wp-content/uploads/2019/05/zaproszenie-dzień-dziecka-2019.doc#breadcrumb

Strona główna

ZAPROSZENIE NA DZIEŃ DZIECKA

<p class="attachment"><a class="grouped_elements" rel="tc-fancybox-group" href="https://rodslonecznapolana.pl/wp-content/uploads/2019/05/zaproszenie-dzień-dziecka-2019.doc" title="zaproszenie dzień dziecka 2019">zaproszenie dzień dziecka 2019</a></p>

<p>zaproszenie dzień dziecka 2019</p>
