{"id":1244,"date":"2020-04-03T11:57:29","date_gmt":"2020-04-03T09:57:29","guid":{"rendered":"http:\/\/rodslonecznapolana.pl\/wp-content\/uploads\/2020\/04\/images.jpg"},"modified":"2020-04-03T11:57:29","modified_gmt":"2020-04-03T09:57:29","slug":"images-7","status":"inherit","type":"attachment","link":"https:\/\/rodslonecznapolana.pl\/index.php\/2020\/04\/03\/komunikat-krajowego-zarzadu-pzd-11-marca-2020-r-sprawie-niezbednych-dzialan-organow-pzd-zwiazku-zagrozeniem-epidemiologicznym-11-03-2020\/images-7\/","title":{"rendered":"images"},"author":5,"featured_media":0,"comment_status":"closed","ping_status":"closed","template":"","meta":[],"yoast_head":"<!-- This site is optimized with the Yoast SEO plugin v22.6 - https:\/\/yoast.com\/wordpress\/plugins\/seo\/ -->\n<title>images - OGRODY DZIA\u0141KOWE S\u0141ONECZNA POLANA PAWLIKOWICE<\/title>\n<meta name=\"robots\" content=\"index, follow, max-snippet:-1, max-image-preview:large, max-video-preview:-1\" \/>\n<link rel=\"canonical\" href=\"https:\/\/rodslonecznapolana.pl\/wp-content\/uploads\/2020\/04\/images.jpg\" \/>\n<meta property=\"og:locale\" content=\"pl_PL\" \/>\n<meta property=\"og:type\" content=\"article\" \/>\n<meta property=\"og:title\" content=\"images - OGRODY DZIA\u0141KOWE S\u0141ONECZNA POLANA PAWLIKOWICE\" \/>\n<meta property=\"og:url\" content=\"https:\/\/rodslonecznapolana.pl\/wp-content\/uploads\/2020\/04\/images.jpg\" \/>\n<meta property=\"og:site_name\" content=\"OGRODY DZIA\u0141KOWE S\u0141ONECZNA POLANA PAWLIKOWICE\" \/>\n<meta property=\"og:image\" content=\"https:\/\/rodslonecznapolana.pl\/wp-content\/uploads\/2020\/04\/images.jpg\" \/>\n\t<meta property=\"og:image:width\" content=\"299\" \/>\n\t<meta property=\"og:image:height\" content=\"168\" \/>\n\t<meta property=\"og:image:type\" content=\"image\/jpeg\" \/>\n<meta name=\"twitter:card\" content=\"summary_large_image\" \/>\n<script type=\"application\/ld+json\" class=\"yoast-schema-graph\">{\"@context\":\"https:\/\/schema.org\",\"@graph\":[{\"@type\":\"WebPage\",\"@id\":\"https:\/\/rodslonecznapolana.pl\/wp-content\/uploads\/2020\/04\/images.jpg\",\"url\":\"https:\/\/rodslonecznapolana.pl\/wp-content\/uploads\/2020\/04\/images.jpg\",\"name\":\"images - OGRODY DZIA\u0141KOWE S\u0141ONECZNA POLANA PAWLIKOWICE\",\"isPartOf\":{\"@id\":\"https:\/\/rodslonecznapolana.pl\/#website\"},\"datePublished\":\"2020-04-03T09:57:29+00:00\",\"dateModified\":\"2020-04-03T09:57:29+00:00\",\"breadcrumb\":{\"@id\":\"https:\/\/rodslonecznapolana.pl\/wp-content\/uploads\/2020\/04\/images.jpg#breadcrumb\"},\"inLanguage\":\"pl-PL\",\"potentialAction\":[{\"@type\":\"ReadAction\",\"target\":[\"https:\/\/rodslonecznapolana.pl\/wp-content\/uploads\/2020\/04\/images.jpg\"]}]},{\"@type\":\"BreadcrumbList\",\"@id\":\"https:\/\/rodslonecznapolana.pl\/wp-content\/uploads\/2020\/04\/images.jpg#breadcrumb\",\"itemListElement\":[{\"@type\":\"ListItem\",\"position\":1,\"name\":\"Strona g\u0142\u00f3wna\",\"item\":\"https:\/\/rodslonecznapolana.pl\/\"},{\"@type\":\"ListItem\",\"position\":2,\"name\":\"Komunikat Krajowego Zarz\u0105du PZD z dnia 11 marca 2020 r. w sprawie niezb\u0119dnych dzia\u0142a\u0144 organ\u00f3w PZD w zwi\u0105zku z zagro\u017ceniem epidemiologicznym.\",\"item\":\"https:\/\/rodslonecznapolana.pl\/index.php\/2020\/04\/03\/komunikat-krajowego-zarzadu-pzd-11-marca-2020-r-sprawie-niezbednych-dzialan-organow-pzd-zwiazku-zagrozeniem-epidemiologicznym-11-03-2020\/\"},{\"@type\":\"ListItem\",\"position\":3,\"name\":\"images\"}]},{\"@type\":\"WebSite\",\"@id\":\"https:\/\/rodslonecznapolana.pl\/#website\",\"url\":\"https:\/\/rodslonecznapolana.pl\/\",\"name\":\"OGRODY DZIA\u0141KOWE S\u0141ONECZNA POLANA PAWLIKOWICE\",\"description\":\"\",\"potentialAction\":[{\"@type\":\"SearchAction\",\"target\":{\"@type\":\"EntryPoint\",\"urlTemplate\":\"https:\/\/rodslonecznapolana.pl\/?s={search_term_string}\"},\"query-input\":\"required name=search_term_string\"}],\"inLanguage\":\"pl-PL\"}]}<\/script>\n<!-- \/ Yoast SEO plugin. -->","yoast_head_json":{"title":"images - OGRODY DZIA\u0141KOWE S\u0141ONECZNA POLANA PAWLIKOWICE","robots":{"index":"index","follow":"follow","max-snippet":"max-snippet:-1","max-image-preview":"max-image-preview:large","max-video-preview":"max-video-preview:-1"},"canonical":"https:\/\/rodslonecznapolana.pl\/wp-content\/uploads\/2020\/04\/images.jpg","og_locale":"pl_PL","og_type":"article","og_title":"images - OGRODY DZIA\u0141KOWE S\u0141ONECZNA POLANA PAWLIKOWICE","og_url":"https:\/\/rodslonecznapolana.pl\/wp-content\/uploads\/2020\/04\/images.jpg","og_site_name":"OGRODY DZIA\u0141KOWE S\u0141ONECZNA POLANA PAWLIKOWICE","og_image":[{"width":299,"height":168,"url":"https:\/\/rodslonecznapolana.pl\/wp-content\/uploads\/2020\/04\/images.jpg","type":"image\/jpeg"}],"twitter_card":"summary_large_image","schema":{"@context":"https:\/\/schema.org","@graph":[{"@type":"WebPage","@id":"https:\/\/rodslonecznapolana.pl\/wp-content\/uploads\/2020\/04\/images.jpg","url":"https:\/\/rodslonecznapolana.pl\/wp-content\/uploads\/2020\/04\/images.jpg","name":"images - OGRODY DZIA\u0141KOWE S\u0141ONECZNA POLANA PAWLIKOWICE","isPartOf":{"@id":"https:\/\/rodslonecznapolana.pl\/#website"},"datePublished":"2020-04-03T09:57:29+00:00","dateModified":"2020-04-03T09:57:29+00:00","breadcrumb":{"@id":"https:\/\/rodslonecznapolana.pl\/wp-content\/uploads\/2020\/04\/images.jpg#breadcrumb"},"inLanguage":"pl-PL","potentialAction":[{"@type":"ReadAction","target":["https:\/\/rodslonecznapolana.pl\/wp-content\/uploads\/2020\/04\/images.jpg"]}]},{"@type":"BreadcrumbList","@id":"https:\/\/rodslonecznapolana.pl\/wp-content\/uploads\/2020\/04\/images.jpg#breadcrumb","itemListElement":[{"@type":"ListItem","position":1,"name":"Strona g\u0142\u00f3wna","item":"https:\/\/rodslonecznapolana.pl\/"},{"@type":"ListItem","position":2,"name":"Komunikat Krajowego Zarz\u0105du PZD z dnia 11 marca 2020 r. w sprawie niezb\u0119dnych dzia\u0142a\u0144 organ\u00f3w PZD w zwi\u0105zku z zagro\u017ceniem epidemiologicznym.","item":"https:\/\/rodslonecznapolana.pl\/index.php\/2020\/04\/03\/komunikat-krajowego-zarzadu-pzd-11-marca-2020-r-sprawie-niezbednych-dzialan-organow-pzd-zwiazku-zagrozeniem-epidemiologicznym-11-03-2020\/"},{"@type":"ListItem","position":3,"name":"images"}]},{"@type":"WebSite","@id":"https:\/\/rodslonecznapolana.pl\/#website","url":"https:\/\/rodslonecznapolana.pl\/","name":"OGRODY DZIA\u0141KOWE S\u0141ONECZNA POLANA PAWLIKOWICE","description":"","potentialAction":[{"@type":"SearchAction","target":{"@type":"EntryPoint","urlTemplate":"https:\/\/rodslonecznapolana.pl\/?s={search_term_string}"},"query-input":"required name=search_term_string"}],"inLanguage":"pl-PL"}]}},"description":{"rendered":"<p class=\"attachment\"><a class=\"grouped_elements\" rel=\"tc-fancybox-group\" href=\"https:\/\/rodslonecznapolana.pl\/wp-content\/uploads\/2020\/04\/images.jpg\" title=\"images\"><img loading=\"lazy\" decoding=\"async\" width=\"299\" height=\"168\" src=\"https:\/\/rodslonecznapolana.pl\/wp-content\/uploads\/2020\/04\/images.jpg\" class=\"attachment-medium size-medium\" alt=\"\" \/><\/a><\/p>\n"},"caption":{"rendered":""},"alt_text":"","media_type":"image","mime_type":"image\/jpeg","media_details":{"width":299,"height":168,"file":"2020\/04\/images.jpg","sizes":{"thumbnail":{"file":"images-150x150.jpg","width":150,"height":150,"mime_type":"image\/jpeg","source_url":"https:\/\/rodslonecznapolana.pl\/wp-content\/uploads\/2020\/04\/images-150x150.jpg"},"tc-thumb":{"file":"images-270x168.jpg","width":270,"height":168,"mime_type":"image\/jpeg","source_url":"https:\/\/rodslonecznapolana.pl\/wp-content\/uploads\/2020\/04\/images-270x168.jpg"},"full":{"file":"images.jpg","width":299,"height":168,"mime_type":"image\/jpeg","source_url":"https:\/\/rodslonecznapolana.pl\/wp-content\/uploads\/2020\/04\/images.jpg"}},"image_meta":{"aperture":"0","credit":"","camera":"","caption":"","created_timestamp":"0","copyright":"","focal_length":"0","iso":"0","shutter_speed":"0","title":"","orientation":"0","keywords":[]}},"post":1241,"source_url":"https:\/\/rodslonecznapolana.pl\/wp-content\/uploads\/2020\/04\/images.jpg","_links":{"self":[{"href":"https:\/\/rodslonecznapolana.pl\/index.php\/wp-json\/wp\/v2\/media\/1244"}],"collection":[{"href":"https:\/\/rodslonecznapolana.pl\/index.php\/wp-json\/wp\/v2\/media"}],"about":[{"href":"https:\/\/rodslonecznapolana.pl\/index.php\/wp-json\/wp\/v2\/types\/attachment"}],"author":[{"embeddable":true,"href":"https:\/\/rodslonecznapolana.pl\/index.php\/wp-json\/wp\/v2\/users\/5"}],"replies":[{"embeddable":true,"href":"https:\/\/rodslonecznapolana.pl\/index.php\/wp-json\/wp\/v2\/comments?post=1244"}]}}

<!-- This site is optimized with the Yoast SEO plugin v22.6 - https://yoast.com/wordpress/plugins/seo/ -->
<title>images - OGRODY DZIAŁKOWE SŁONECZNA POLANA PAWLIKOWICE</title>
<meta name="robots" content="index, follow, max-snippet:-1, max-image-preview:large, max-video-preview:-1" />
<link rel="canonical" href="https://rodslonecznapolana.pl/wp-content/uploads/2020/04/images.jpg" />
<meta property="og:locale" content="pl_PL" />
<meta property="og:type" content="article" />
<meta property="og:title" content="images - OGRODY DZIAŁKOWE SŁONECZNA POLANA PAWLIKOWICE" />
<meta property="og:url" content="https://rodslonecznapolana.pl/wp-content/uploads/2020/04/images.jpg" />
<meta property="og:site_name" content="OGRODY DZIAŁKOWE SŁONECZNA POLANA PAWLIKOWICE" />
<meta property="og:image" content="https://rodslonecznapolana.pl/wp-content/uploads/2020/04/images.jpg" />
	<meta property="og:image:width" content="299" />
	<meta property="og:image:height" content="168" />
	<meta property="og:image:type" content="image/jpeg" />
<meta name="twitter:card" content="summary_large_image" />
<script type="application/ld+json" class="yoast-schema-graph">{"@context":"https://schema.org","@graph":[{"@type":"WebPage","@id":"https://rodslonecznapolana.pl/wp-content/uploads/2020/04/images.jpg","url":"https://rodslonecznapolana.pl/wp-content/uploads/2020/04/images.jpg","name":"images - OGRODY DZIAŁKOWE SŁONECZNA POLANA PAWLIKOWICE","isPartOf":{"@id":"https://rodslonecznapolana.pl/#website"},"datePublished":"2020-04-03T09:57:29+00:00","dateModified":"2020-04-03T09:57:29+00:00","breadcrumb":{"@id":"https://rodslonecznapolana.pl/wp-content/uploads/2020/04/images.jpg#breadcrumb"},"inLanguage":"pl-PL","potentialAction":[{"@type":"ReadAction","target":["https://rodslonecznapolana.pl/wp-content/uploads/2020/04/images.jpg"]}]},{"@type":"BreadcrumbList","@id":"https://rodslonecznapolana.pl/wp-content/uploads/2020/04/images.jpg#breadcrumb","itemListElement":[{"@type":"ListItem","position":1,"name":"Strona główna","item":"https://rodslonecznapolana.pl/"},{"@type":"ListItem","position":2,"name":"Komunikat Krajowego Zarządu PZD z dnia 11 marca 2020 r. w sprawie niezbędnych działań organów PZD w związku z zagrożeniem epidemiologicznym.","item":"https://rodslonecznapolana.pl/index.php/2020/04/03/komunikat-krajowego-zarzadu-pzd-11-marca-2020-r-sprawie-niezbednych-dzialan-organow-pzd-zwiazku-zagrozeniem-epidemiologicznym-11-03-2020/"},{"@type":"ListItem","position":3,"name":"images"}]},{"@type":"WebSite","@id":"https://rodslonecznapolana.pl/#website","url":"https://rodslonecznapolana.pl/","name":"OGRODY DZIAŁKOWE SŁONECZNA POLANA PAWLIKOWICE","description":"","potentialAction":[{"@type":"SearchAction","target":{"@type":"EntryPoint","urlTemplate":"https://rodslonecznapolana.pl/?s={search_term_string}"},"query-input":"required name=search_term_string"}],"inLanguage":"pl-PL"}]}</script>
<!-- / Yoast SEO plugin. -->

images - OGRODY DZIAŁKOWE SŁONECZNA POLANA PAWLIKOWICE

OGRODY DZIAŁKOWE SŁONECZNA POLANA PAWLIKOWICE

Strona główna

Komunikat Krajowego Zarządu PZD z dnia 11 marca 2020 r. w sprawie niezbędnych działań organów PZD w związku z zagrożeniem epidemiologicznym.
