{"id":1424,"date":"2022-03-15T13:13:19","date_gmt":"2022-03-15T12:13:19","guid":{"rendered":"http:\/\/rodslonecznapolana.pl\/wp-content\/uploads\/2022\/03\/PORZ\u0104DEK-OBRAD-WALNEGO-ZEBRANIA-SPRAWOZDAWCZEGO_02.04.2022.pdf"},"modified":"2022-03-15T13:13:19","modified_gmt":"2022-03-15T12:13:19","slug":"porzadek-obrad-walnego-zebrania-sprawozdawczego_02-04-2022","status":"inherit","type":"attachment","link":"https:\/\/rodslonecznapolana.pl\/index.php\/2022\/03\/15\/walne-zebranie-sprawozdawcze-rod-sloneczna-polana-2022\/porzadek-obrad-walnego-zebrania-sprawozdawczego_02-04-2022\/","title":{"rendered":"PORZ\u0104DEK OBRAD WALNEGO ZEBRANIA SPRAWOZDAWCZEGO_02.04.2022"},"author":2,"featured_media":0,"comment_status":"closed","ping_status":"closed","template":"","meta":[],"yoast_head":"<!-- This site is optimized with the Yoast SEO plugin v22.6 - https:\/\/yoast.com\/wordpress\/plugins\/seo\/ -->\n<title>PORZ\u0104DEK OBRAD WALNEGO ZEBRANIA SPRAWOZDAWCZEGO_02.04.2022 - OGRODY DZIA\u0141KOWE S\u0141ONECZNA POLANA PAWLIKOWICE<\/title>\n<meta name=\"robots\" content=\"index, follow, max-snippet:-1, max-image-preview:large, max-video-preview:-1\" \/>\n<link rel=\"canonical\" href=\"https:\/\/rodslonecznapolana.pl\/wp-content\/uploads\/2022\/03\/PORZ\u0104DEK-OBRAD-WALNEGO-ZEBRANIA-SPRAWOZDAWCZEGO_02.04.2022.pdf\" \/>\n<meta property=\"og:locale\" content=\"pl_PL\" \/>\n<meta property=\"og:type\" content=\"article\" \/>\n<meta property=\"og:title\" content=\"PORZ\u0104DEK OBRAD WALNEGO ZEBRANIA SPRAWOZDAWCZEGO_02.04.2022 - OGRODY DZIA\u0141KOWE S\u0141ONECZNA POLANA PAWLIKOWICE\" \/>\n<meta property=\"og:description\" content=\"PORZ\u0104DEK OBRAD WALNEGO ZEBRANIA SPRAWOZDAWCZEGO_02.04.2022\" \/>\n<meta property=\"og:url\" content=\"https:\/\/rodslonecznapolana.pl\/wp-content\/uploads\/2022\/03\/PORZ\u0104DEK-OBRAD-WALNEGO-ZEBRANIA-SPRAWOZDAWCZEGO_02.04.2022.pdf\" \/>\n<meta property=\"og:site_name\" content=\"OGRODY DZIA\u0141KOWE S\u0141ONECZNA POLANA PAWLIKOWICE\" \/>\n<meta name=\"twitter:card\" content=\"summary_large_image\" \/>\n<script type=\"application\/ld+json\" class=\"yoast-schema-graph\">{\"@context\":\"https:\/\/schema.org\",\"@graph\":[{\"@type\":\"WebPage\",\"@id\":\"https:\/\/rodslonecznapolana.pl\/wp-content\/uploads\/2022\/03\/PORZ\u0104DEK-OBRAD-WALNEGO-ZEBRANIA-SPRAWOZDAWCZEGO_02.04.2022.pdf\",\"url\":\"https:\/\/rodslonecznapolana.pl\/wp-content\/uploads\/2022\/03\/PORZ\u0104DEK-OBRAD-WALNEGO-ZEBRANIA-SPRAWOZDAWCZEGO_02.04.2022.pdf\",\"name\":\"PORZ\u0104DEK OBRAD WALNEGO ZEBRANIA SPRAWOZDAWCZEGO_02.04.2022 - OGRODY DZIA\u0141KOWE S\u0141ONECZNA POLANA PAWLIKOWICE\",\"isPartOf\":{\"@id\":\"https:\/\/rodslonecznapolana.pl\/#website\"},\"datePublished\":\"2022-03-15T12:13:19+00:00\",\"dateModified\":\"2022-03-15T12:13:19+00:00\",\"breadcrumb\":{\"@id\":\"https:\/\/rodslonecznapolana.pl\/wp-content\/uploads\/2022\/03\/PORZ\u0104DEK-OBRAD-WALNEGO-ZEBRANIA-SPRAWOZDAWCZEGO_02.04.2022.pdf#breadcrumb\"},\"inLanguage\":\"pl-PL\",\"potentialAction\":[{\"@type\":\"ReadAction\",\"target\":[\"https:\/\/rodslonecznapolana.pl\/wp-content\/uploads\/2022\/03\/PORZ\u0104DEK-OBRAD-WALNEGO-ZEBRANIA-SPRAWOZDAWCZEGO_02.04.2022.pdf\"]}]},{\"@type\":\"BreadcrumbList\",\"@id\":\"https:\/\/rodslonecznapolana.pl\/wp-content\/uploads\/2022\/03\/PORZ\u0104DEK-OBRAD-WALNEGO-ZEBRANIA-SPRAWOZDAWCZEGO_02.04.2022.pdf#breadcrumb\",\"itemListElement\":[{\"@type\":\"ListItem\",\"position\":1,\"name\":\"Strona g\u0142\u00f3wna\",\"item\":\"https:\/\/rodslonecznapolana.pl\/\"},{\"@type\":\"ListItem\",\"position\":2,\"name\":\"WALNE ZEBRANIE SPRAWOZDAWCZE ROD S\u0141ONECZNA POLANA 2022\",\"item\":\"https:\/\/rodslonecznapolana.pl\/index.php\/2022\/03\/15\/walne-zebranie-sprawozdawcze-rod-sloneczna-polana-2022\/\"},{\"@type\":\"ListItem\",\"position\":3,\"name\":\"PORZ\u0104DEK OBRAD WALNEGO ZEBRANIA SPRAWOZDAWCZEGO_02.04.2022\"}]},{\"@type\":\"WebSite\",\"@id\":\"https:\/\/rodslonecznapolana.pl\/#website\",\"url\":\"https:\/\/rodslonecznapolana.pl\/\",\"name\":\"OGRODY DZIA\u0141KOWE S\u0141ONECZNA POLANA PAWLIKOWICE\",\"description\":\"\",\"potentialAction\":[{\"@type\":\"SearchAction\",\"target\":{\"@type\":\"EntryPoint\",\"urlTemplate\":\"https:\/\/rodslonecznapolana.pl\/?s={search_term_string}\"},\"query-input\":\"required name=search_term_string\"}],\"inLanguage\":\"pl-PL\"}]}<\/script>\n<!-- \/ Yoast SEO plugin. -->","yoast_head_json":{"title":"PORZ\u0104DEK OBRAD WALNEGO ZEBRANIA SPRAWOZDAWCZEGO_02.04.2022 - OGRODY DZIA\u0141KOWE S\u0141ONECZNA POLANA PAWLIKOWICE","robots":{"index":"index","follow":"follow","max-snippet":"max-snippet:-1","max-image-preview":"max-image-preview:large","max-video-preview":"max-video-preview:-1"},"canonical":"https:\/\/rodslonecznapolana.pl\/wp-content\/uploads\/2022\/03\/PORZ\u0104DEK-OBRAD-WALNEGO-ZEBRANIA-SPRAWOZDAWCZEGO_02.04.2022.pdf","og_locale":"pl_PL","og_type":"article","og_title":"PORZ\u0104DEK OBRAD WALNEGO ZEBRANIA SPRAWOZDAWCZEGO_02.04.2022 - OGRODY DZIA\u0141KOWE S\u0141ONECZNA POLANA PAWLIKOWICE","og_description":"PORZ\u0104DEK OBRAD WALNEGO ZEBRANIA SPRAWOZDAWCZEGO_02.04.2022","og_url":"https:\/\/rodslonecznapolana.pl\/wp-content\/uploads\/2022\/03\/PORZ\u0104DEK-OBRAD-WALNEGO-ZEBRANIA-SPRAWOZDAWCZEGO_02.04.2022.pdf","og_site_name":"OGRODY DZIA\u0141KOWE S\u0141ONECZNA POLANA PAWLIKOWICE","twitter_card":"summary_large_image","schema":{"@context":"https:\/\/schema.org","@graph":[{"@type":"WebPage","@id":"https:\/\/rodslonecznapolana.pl\/wp-content\/uploads\/2022\/03\/PORZ\u0104DEK-OBRAD-WALNEGO-ZEBRANIA-SPRAWOZDAWCZEGO_02.04.2022.pdf","url":"https:\/\/rodslonecznapolana.pl\/wp-content\/uploads\/2022\/03\/PORZ\u0104DEK-OBRAD-WALNEGO-ZEBRANIA-SPRAWOZDAWCZEGO_02.04.2022.pdf","name":"PORZ\u0104DEK OBRAD WALNEGO ZEBRANIA SPRAWOZDAWCZEGO_02.04.2022 - OGRODY DZIA\u0141KOWE S\u0141ONECZNA POLANA PAWLIKOWICE","isPartOf":{"@id":"https:\/\/rodslonecznapolana.pl\/#website"},"datePublished":"2022-03-15T12:13:19+00:00","dateModified":"2022-03-15T12:13:19+00:00","breadcrumb":{"@id":"https:\/\/rodslonecznapolana.pl\/wp-content\/uploads\/2022\/03\/PORZ\u0104DEK-OBRAD-WALNEGO-ZEBRANIA-SPRAWOZDAWCZEGO_02.04.2022.pdf#breadcrumb"},"inLanguage":"pl-PL","potentialAction":[{"@type":"ReadAction","target":["https:\/\/rodslonecznapolana.pl\/wp-content\/uploads\/2022\/03\/PORZ\u0104DEK-OBRAD-WALNEGO-ZEBRANIA-SPRAWOZDAWCZEGO_02.04.2022.pdf"]}]},{"@type":"BreadcrumbList","@id":"https:\/\/rodslonecznapolana.pl\/wp-content\/uploads\/2022\/03\/PORZ\u0104DEK-OBRAD-WALNEGO-ZEBRANIA-SPRAWOZDAWCZEGO_02.04.2022.pdf#breadcrumb","itemListElement":[{"@type":"ListItem","position":1,"name":"Strona g\u0142\u00f3wna","item":"https:\/\/rodslonecznapolana.pl\/"},{"@type":"ListItem","position":2,"name":"WALNE ZEBRANIE SPRAWOZDAWCZE ROD S\u0141ONECZNA POLANA 2022","item":"https:\/\/rodslonecznapolana.pl\/index.php\/2022\/03\/15\/walne-zebranie-sprawozdawcze-rod-sloneczna-polana-2022\/"},{"@type":"ListItem","position":3,"name":"PORZ\u0104DEK OBRAD WALNEGO ZEBRANIA SPRAWOZDAWCZEGO_02.04.2022"}]},{"@type":"WebSite","@id":"https:\/\/rodslonecznapolana.pl\/#website","url":"https:\/\/rodslonecznapolana.pl\/","name":"OGRODY DZIA\u0141KOWE S\u0141ONECZNA POLANA PAWLIKOWICE","description":"","potentialAction":[{"@type":"SearchAction","target":{"@type":"EntryPoint","urlTemplate":"https:\/\/rodslonecznapolana.pl\/?s={search_term_string}"},"query-input":"required name=search_term_string"}],"inLanguage":"pl-PL"}]}},"description":{"rendered":"<p class=\"attachment\"><a class=\"grouped_elements\" rel=\"tc-fancybox-group\" href=\"https:\/\/rodslonecznapolana.pl\/wp-content\/uploads\/2022\/03\/PORZ\u0104DEK-OBRAD-WALNEGO-ZEBRANIA-SPRAWOZDAWCZEGO_02.04.2022.pdf\" title=\"PORZ\u0104DEK OBRAD WALNEGO ZEBRANIA SPRAWOZDAWCZEGO_02.04.2022\">PORZ\u0104DEK OBRAD WALNEGO ZEBRANIA SPRAWOZDAWCZEGO_02.04.2022<\/a><\/p>\n"},"caption":{"rendered":"<p>PORZ\u0104DEK OBRAD WALNEGO ZEBRANIA SPRAWOZDAWCZEGO_02.04.2022<\/p>\n"},"alt_text":"","media_type":"file","mime_type":"application\/pdf","media_details":{},"post":1417,"source_url":"https:\/\/rodslonecznapolana.pl\/wp-content\/uploads\/2022\/03\/PORZ\u0104DEK-OBRAD-WALNEGO-ZEBRANIA-SPRAWOZDAWCZEGO_02.04.2022.pdf","_links":{"self":[{"href":"https:\/\/rodslonecznapolana.pl\/index.php\/wp-json\/wp\/v2\/media\/1424"}],"collection":[{"href":"https:\/\/rodslonecznapolana.pl\/index.php\/wp-json\/wp\/v2\/media"}],"about":[{"href":"https:\/\/rodslonecznapolana.pl\/index.php\/wp-json\/wp\/v2\/types\/attachment"}],"author":[{"embeddable":true,"href":"https:\/\/rodslonecznapolana.pl\/index.php\/wp-json\/wp\/v2\/users\/2"}],"replies":[{"embeddable":true,"href":"https:\/\/rodslonecznapolana.pl\/index.php\/wp-json\/wp\/v2\/comments?post=1424"}]}}

http://rodslonecznapolana.pl/wp-content/uploads/2022/03/PORZĄDEK-OBRAD-WALNEGO-ZEBRANIA-SPRAWOZDAWCZEGO_02.04.2022.pdf

PORZĄDEK OBRAD WALNEGO ZEBRANIA SPRAWOZDAWCZEGO_02.04.2022

<!-- This site is optimized with the Yoast SEO plugin v22.6 - https://yoast.com/wordpress/plugins/seo/ -->
<title>PORZĄDEK OBRAD WALNEGO ZEBRANIA SPRAWOZDAWCZEGO_02.04.2022 - OGRODY DZIAŁKOWE SŁONECZNA POLANA PAWLIKOWICE</title>
<meta name="robots" content="index, follow, max-snippet:-1, max-image-preview:large, max-video-preview:-1" />
<link rel="canonical" href="https://rodslonecznapolana.pl/wp-content/uploads/2022/03/PORZĄDEK-OBRAD-WALNEGO-ZEBRANIA-SPRAWOZDAWCZEGO_02.04.2022.pdf" />
<meta property="og:locale" content="pl_PL" />
<meta property="og:type" content="article" />
<meta property="og:title" content="PORZĄDEK OBRAD WALNEGO ZEBRANIA SPRAWOZDAWCZEGO_02.04.2022 - OGRODY DZIAŁKOWE SŁONECZNA POLANA PAWLIKOWICE" />
<meta property="og:description" content="PORZĄDEK OBRAD WALNEGO ZEBRANIA SPRAWOZDAWCZEGO_02.04.2022" />
<meta property="og:url" content="https://rodslonecznapolana.pl/wp-content/uploads/2022/03/PORZĄDEK-OBRAD-WALNEGO-ZEBRANIA-SPRAWOZDAWCZEGO_02.04.2022.pdf" />
<meta property="og:site_name" content="OGRODY DZIAŁKOWE SŁONECZNA POLANA PAWLIKOWICE" />
<meta name="twitter:card" content="summary_large_image" />
<script type="application/ld+json" class="yoast-schema-graph">{"@context":"https://schema.org","@graph":[{"@type":"WebPage","@id":"https://rodslonecznapolana.pl/wp-content/uploads/2022/03/PORZĄDEK-OBRAD-WALNEGO-ZEBRANIA-SPRAWOZDAWCZEGO_02.04.2022.pdf","url":"https://rodslonecznapolana.pl/wp-content/uploads/2022/03/PORZĄDEK-OBRAD-WALNEGO-ZEBRANIA-SPRAWOZDAWCZEGO_02.04.2022.pdf","name":"PORZĄDEK OBRAD WALNEGO ZEBRANIA SPRAWOZDAWCZEGO_02.04.2022 - OGRODY DZIAŁKOWE SŁONECZNA POLANA PAWLIKOWICE","isPartOf":{"@id":"https://rodslonecznapolana.pl/#website"},"datePublished":"2022-03-15T12:13:19+00:00","dateModified":"2022-03-15T12:13:19+00:00","breadcrumb":{"@id":"https://rodslonecznapolana.pl/wp-content/uploads/2022/03/PORZĄDEK-OBRAD-WALNEGO-ZEBRANIA-SPRAWOZDAWCZEGO_02.04.2022.pdf#breadcrumb"},"inLanguage":"pl-PL","potentialAction":[{"@type":"ReadAction","target":["https://rodslonecznapolana.pl/wp-content/uploads/2022/03/PORZĄDEK-OBRAD-WALNEGO-ZEBRANIA-SPRAWOZDAWCZEGO_02.04.2022.pdf"]}]},{"@type":"BreadcrumbList","@id":"https://rodslonecznapolana.pl/wp-content/uploads/2022/03/PORZĄDEK-OBRAD-WALNEGO-ZEBRANIA-SPRAWOZDAWCZEGO_02.04.2022.pdf#breadcrumb","itemListElement":[{"@type":"ListItem","position":1,"name":"Strona główna","item":"https://rodslonecznapolana.pl/"},{"@type":"ListItem","position":2,"name":"WALNE ZEBRANIE SPRAWOZDAWCZE ROD SŁONECZNA POLANA 2022","item":"https://rodslonecznapolana.pl/index.php/2022/03/15/walne-zebranie-sprawozdawcze-rod-sloneczna-polana-2022/"},{"@type":"ListItem","position":3,"name":"PORZĄDEK OBRAD WALNEGO ZEBRANIA SPRAWOZDAWCZEGO_02.04.2022"}]},{"@type":"WebSite","@id":"https://rodslonecznapolana.pl/#website","url":"https://rodslonecznapolana.pl/","name":"OGRODY DZIAŁKOWE SŁONECZNA POLANA PAWLIKOWICE","description":"","potentialAction":[{"@type":"SearchAction","target":{"@type":"EntryPoint","urlTemplate":"https://rodslonecznapolana.pl/?s={search_term_string}"},"query-input":"required name=search_term_string"}],"inLanguage":"pl-PL"}]}</script>
<!-- / Yoast SEO plugin. -->

PORZĄDEK OBRAD WALNEGO ZEBRANIA SPRAWOZDAWCZEGO_02.04.2022 - OGRODY DZIAŁKOWE SŁONECZNA POLANA PAWLIKOWICE

https://rodslonecznapolana.pl/wp-content/uploads/2022/03/PORZĄDEK-OBRAD-WALNEGO-ZEBRANIA-SPRAWOZDAWCZEGO_02.04.2022.pdf

OGRODY DZIAŁKOWE SŁONECZNA POLANA PAWLIKOWICE

https://rodslonecznapolana.pl/wp-content/uploads/2022/03/PORZĄDEK-OBRAD-WALNEGO-ZEBRANIA-SPRAWOZDAWCZEGO_02.04.2022.pdf#breadcrumb

Strona główna

WALNE ZEBRANIE SPRAWOZDAWCZE ROD SŁONECZNA POLANA 2022

<p class="attachment"><a class="grouped_elements" rel="tc-fancybox-group" href="https://rodslonecznapolana.pl/wp-content/uploads/2022/03/PORZĄDEK-OBRAD-WALNEGO-ZEBRANIA-SPRAWOZDAWCZEGO_02.04.2022.pdf" title="PORZĄDEK OBRAD WALNEGO ZEBRANIA SPRAWOZDAWCZEGO_02.04.2022">PORZĄDEK OBRAD WALNEGO ZEBRANIA SPRAWOZDAWCZEGO_02.04.2022</a></p>

<p>PORZĄDEK OBRAD WALNEGO ZEBRANIA SPRAWOZDAWCZEGO_02.04.2022</p>
