{"id":10,"date":"2017-08-14T07:08:58","date_gmt":"2017-08-14T05:08:58","guid":{"rendered":"http:\/\/rodslonecznapolana.pl\/?page_id=10"},"modified":"2025-02-01T16:53:08","modified_gmt":"2025-02-01T15:53:08","slug":"zarzad-i-komisja","status":"publish","type":"page","link":"https:\/\/rodslonecznapolana.pl\/index.php\/zarzad-i-komisja\/","title":{"rendered":"Zarz\u0105d i Komisja"},"content":{"rendered":"<p style=\"text-align: left;\"><span style=\"color: #003366;\"><strong>Zarz\u0105d Rodzinnego Ogrodu Dzia\u0142kowego \u201eS\u0142oneczna Polana\u201d<\/strong><\/span><\/p>\n<table style=\"width: 389px;\">\n<tbody>\n<tr>\n<td style=\"width: 135px;\"><span style=\"color: #003366;\">Prezes Zarz\u0105du<\/span><\/td>\n<td style=\"width: 143px;\"><span style=\"color: #003366;\">Andrzej Jankowski<\/span><\/td>\n<td style=\"width: 80px;\"><span style=\"color: #003366;\">dz.nr\u00a0 85<\/span><\/td>\n<\/tr>\n<tr>\n<td style=\"width: 135px;\"><span style=\"color: #003366;\">Wiceprezes Zarz\u0105du<\/span><\/td>\n<td style=\"width: 143px;\"><span style=\"color: #003366;\">Zdzis\u0142aw Wo\u017cniak<\/span><\/td>\n<td style=\"width: 80px;\"><span style=\"color: #003366;\">dz.nr\u00a0 12<\/span><\/td>\n<\/tr>\n<tr>\n<td style=\"width: 135px;\"><span style=\"color: #003366;\">Sekretarz<\/span><\/td>\n<td style=\"width: 143px;\"><span style=\"color: #003366;\">Beata Groenenboom<\/span><\/td>\n<td style=\"width: 80px;\"><span style=\"color: #003366;\">dz.nr 73<\/span><\/td>\n<\/tr>\n<tr>\n<td style=\"width: 135px;\"><span style=\"color: #003366;\">Skarbnik<\/span><\/td>\n<td style=\"width: 143px;\"><span style=\"color: #003366;\">Andrzej Pa\u015b<\/span><\/td>\n<td style=\"width: 80px;\"><span style=\"color: #003366;\">dz.nr\u00a0 66<\/span><\/td>\n<\/tr>\n<tr>\n<td style=\"width: 135px;\"><span style=\"color: #003366;\">Cz\u0142onek Zarz\u0105du<\/span><\/td>\n<td style=\"width: 143px;\"><span style=\"color: #003366;\">Grzegorz Pawlik<\/span><\/td>\n<td style=\"width: 80px;\"><span style=\"color: #003366;\">dz. nr\u00a0 88<\/span><\/td>\n<\/tr>\n<tr>\n<td style=\"width: 135px;\"><span style=\"color: #003366;\">Cz\u0142onek Zarz\u0105du<\/span><\/td>\n<td style=\"width: 143px;\"><span style=\"color: #003366;\">Miros\u0142aw Koz\u0142owski<\/span><\/td>\n<td style=\"width: 80px;\"><span style=\"color: #003366;\">dz. nr\u00a0 281 b<\/span><\/td>\n<\/tr>\n<\/tbody>\n<\/table>\n<p style=\"text-align: left;\"><span style=\"color: #003366;\"><strong>Komisja Rewizyjna w ROD \u201eS\u0142oneczna Polana\u201d<\/strong><\/span><\/p>\n<table style=\"width: 386px; height: 195px;\">\n<tbody>\n<tr style=\"height: 27px;\">\n<td style=\"width: 133.2px; height: 27px;\"><span style=\"color: #003366;\">Przewodnicz\u0105ca<\/span><\/td>\n<td style=\"width: 140.4px; height: 27px;\"><span style=\"color: #003366;\">Jadwiga Milczarek<\/span><\/td>\n<td style=\"width: 78.8px; height: 27px;\"><span style=\"color: #003366;\">dz. nr 148 a<\/span><\/td>\n<\/tr>\n<tr style=\"height: 27px;\">\n<td style=\"width: 133.2px; height: 27px;\"><span style=\"color: #003366;\">Z-ca Przewodnicz\u0105cej<\/span><\/td>\n<td style=\"width: 140.4px; height: 27px;\"><span style=\"color: #003366;\">Bo\u017cenna Sierocka<\/span><\/td>\n<td style=\"width: 78.8px; height: 27px;\"><span style=\"color: #003366;\">dz. nr 39<\/span><\/td>\n<\/tr>\n<tr style=\"height: 27px;\">\n<td style=\"width: 133.2px; height: 27px;\"><span style=\"color: #003366;\">Sekretarz<\/span><\/td>\n<td style=\"width: 140.4px; height: 27px;\"><span style=\"color: #003366;\">Wies\u0142awa Milczarek<\/span><\/td>\n<td style=\"width: 78.8px; height: 27px;\"><span style=\"color: #003366;\">dz. nr 49<\/span><\/td>\n<\/tr>\n<tr style=\"height: 27px;\">\n<td style=\"width: 133.2px; height: 27px;\"><span style=\"color: #003366;\">Cz\u0142onek<\/span><\/td>\n<td style=\"width: 140.4px; height: 27px;\"><span style=\"color: #003366;\">Ma\u0142gorzata Strzelczyk<\/span><\/td>\n<td style=\"width: 78.8px; height: 27px;\"><span style=\"color: #003366;\">dz. nr 147<\/span><\/td>\n<\/tr>\n<\/tbody>\n<\/table>\n<p style=\"text-align: left;\"><span style=\"color: #003366;\"><strong>Komisja Mediacyjna \u00a0ROD \u201eS\u0142oneczna Polana\u201d<\/strong><\/span><\/p>\n<table style=\"width: 386px;\">\n<tbody>\n<tr>\n<td style=\"width: 135px;\"><span style=\"color: #003366;\">Przewodnicz\u0105cy<\/span><\/td>\n<td style=\"width: 139px;\"><span style=\"color: #003366;\">Ryszard Wilk<\/span><\/td>\n<td style=\"width: 81px;\"><span style=\"color: #003366;\">dz. nr 32<\/span><\/td>\n<\/tr>\n<tr>\n<td style=\"width: 135px;\"><span style=\"color: #003366;\">Cz\u0142onek<\/span><\/td>\n<td style=\"width: 139px;\"><span style=\"color: #003366;\">Pawe\u0142 B\u0105tor<\/span><\/td>\n<td style=\"width: 81px;\"><span style=\"color: #003366;\">dz. nr 61<\/span><\/td>\n<\/tr>\n<tr>\n<td style=\"width: 135px;\"><span style=\"color: #003366;\">Cz\u0142onek<\/span><\/td>\n<td style=\"width: 139px;\"><span style=\"color: #003366;\">Ryszard Ka\u0142u\u017ca<\/span><\/td>\n<td style=\"width: 81px;\"><span style=\"color: #003366;\">dz. nr 50<\/span><\/td>\n<\/tr>\n<tr>\n<td style=\"width: 135px;\"><span style=\"color: #003366;\">Cz\u0142onek<\/span><\/td>\n<td style=\"width: 139px;\"><span style=\"color: #003366;\">Zbigniew Nochowicz<\/span><\/td>\n<td style=\"width: 81px;\"><span style=\"color: #003366;\">dz. nr 76<\/span><\/td>\n<\/tr>\n<\/tbody>\n<\/table>\n","protected":false},"excerpt":{"rendered":"<p>Zarz\u0105d Rodzinnego Ogrodu Dzia\u0142kowego \u201eS\u0142oneczna Polana\u201d Prezes Zarz\u0105du Andrzej Jankowski dz.nr\u00a0 85 Wiceprezes Zarz\u0105du Zdzis\u0142aw Wo\u017cniak dz.nr\u00a0 12 Sekretarz Beata Groenenboom dz.nr 73 Skarbnik Andrzej Pa\u015b dz.nr\u00a0 66 Cz\u0142onek Zarz\u0105du Grzegorz Pawlik dz. nr\u00a0 88 Cz\u0142onek Zarz\u0105du Miros\u0142aw Koz\u0142owski dz. nr\u00a0 281 b Komisja Rewizyjna w ROD \u201eS\u0142oneczna Polana\u201d Przewodnicz\u0105ca Jadwiga Milczarek dz. nr 148 [&hellip;]<\/p>\n","protected":false},"author":3,"featured_media":458,"parent":0,"menu_order":0,"comment_status":"closed","ping_status":"closed","template":"","meta":{"footnotes":""},"yoast_head":"<!-- This site is optimized with the Yoast SEO plugin v22.6 - https:\/\/yoast.com\/wordpress\/plugins\/seo\/ -->\n<title>Zarz\u0105d i Komisja - OGRODY DZIA\u0141KOWE S\u0141ONECZNA POLANA PAWLIKOWICE<\/title>\n<meta name=\"robots\" content=\"index, follow, max-snippet:-1, max-image-preview:large, max-video-preview:-1\" \/>\n<link rel=\"canonical\" href=\"https:\/\/rodslonecznapolana.pl\/index.php\/zarzad-i-komisja\/\" \/>\n<meta property=\"og:locale\" content=\"pl_PL\" \/>\n<meta property=\"og:type\" content=\"article\" \/>\n<meta property=\"og:title\" content=\"Zarz\u0105d i Komisja - OGRODY DZIA\u0141KOWE S\u0141ONECZNA POLANA PAWLIKOWICE\" \/>\n<meta property=\"og:description\" content=\"Zarz\u0105d Rodzinnego Ogrodu Dzia\u0142kowego \u201eS\u0142oneczna Polana\u201d Prezes Zarz\u0105du Andrzej Jankowski dz.nr\u00a0 85 Wiceprezes Zarz\u0105du Zdzis\u0142aw Wo\u017cniak dz.nr\u00a0 12 Sekretarz Beata Groenenboom dz.nr 73 Skarbnik Andrzej Pa\u015b dz.nr\u00a0 66 Cz\u0142onek Zarz\u0105du Grzegorz Pawlik dz. nr\u00a0 88 Cz\u0142onek Zarz\u0105du Miros\u0142aw Koz\u0142owski dz. nr\u00a0 281 b Komisja Rewizyjna w ROD \u201eS\u0142oneczna Polana\u201d Przewodnicz\u0105ca Jadwiga Milczarek dz. nr 148 [&hellip;]\" \/>\n<meta property=\"og:url\" content=\"https:\/\/rodslonecznapolana.pl\/index.php\/zarzad-i-komisja\/\" \/>\n<meta property=\"og:site_name\" content=\"OGRODY DZIA\u0141KOWE S\u0141ONECZNA POLANA PAWLIKOWICE\" \/>\n<meta property=\"article:modified_time\" content=\"2025-02-01T15:53:08+00:00\" \/>\n<meta property=\"og:image\" content=\"http:\/\/rodslonecznapolana.pl\/wp-content\/uploads\/2017\/08\/zarz\u0105d-752x440.jpg\" \/>\n\t<meta property=\"og:image:width\" content=\"752\" \/>\n\t<meta property=\"og:image:height\" content=\"440\" \/>\n\t<meta property=\"og:image:type\" content=\"image\/jpeg\" \/>\n<meta name=\"twitter:card\" content=\"summary_large_image\" \/>\n<meta name=\"twitter:label1\" content=\"Szacowany czas czytania\" \/>\n\t<meta name=\"twitter:data1\" content=\"1 minuta\" \/>\n<script type=\"application\/ld+json\" class=\"yoast-schema-graph\">{\"@context\":\"https:\/\/schema.org\",\"@graph\":[{\"@type\":\"WebPage\",\"@id\":\"https:\/\/rodslonecznapolana.pl\/index.php\/zarzad-i-komisja\/\",\"url\":\"https:\/\/rodslonecznapolana.pl\/index.php\/zarzad-i-komisja\/\",\"name\":\"Zarz\u0105d i Komisja - OGRODY DZIA\u0141KOWE S\u0141ONECZNA POLANA PAWLIKOWICE\",\"isPartOf\":{\"@id\":\"https:\/\/rodslonecznapolana.pl\/#website\"},\"primaryImageOfPage\":{\"@id\":\"https:\/\/rodslonecznapolana.pl\/index.php\/zarzad-i-komisja\/#primaryimage\"},\"image\":{\"@id\":\"https:\/\/rodslonecznapolana.pl\/index.php\/zarzad-i-komisja\/#primaryimage\"},\"thumbnailUrl\":\"https:\/\/rodslonecznapolana.pl\/wp-content\/uploads\/2017\/08\/zarz\u0105d-752x440.jpg\",\"datePublished\":\"2017-08-14T05:08:58+00:00\",\"dateModified\":\"2025-02-01T15:53:08+00:00\",\"breadcrumb\":{\"@id\":\"https:\/\/rodslonecznapolana.pl\/index.php\/zarzad-i-komisja\/#breadcrumb\"},\"inLanguage\":\"pl-PL\",\"potentialAction\":[{\"@type\":\"ReadAction\",\"target\":[\"https:\/\/rodslonecznapolana.pl\/index.php\/zarzad-i-komisja\/\"]}]},{\"@type\":\"ImageObject\",\"inLanguage\":\"pl-PL\",\"@id\":\"https:\/\/rodslonecznapolana.pl\/index.php\/zarzad-i-komisja\/#primaryimage\",\"url\":\"https:\/\/rodslonecznapolana.pl\/wp-content\/uploads\/2017\/08\/zarz\u0105d-752x440.jpg\",\"contentUrl\":\"https:\/\/rodslonecznapolana.pl\/wp-content\/uploads\/2017\/08\/zarz\u0105d-752x440.jpg\",\"width\":752,\"height\":440},{\"@type\":\"BreadcrumbList\",\"@id\":\"https:\/\/rodslonecznapolana.pl\/index.php\/zarzad-i-komisja\/#breadcrumb\",\"itemListElement\":[{\"@type\":\"ListItem\",\"position\":1,\"name\":\"Strona g\u0142\u00f3wna\",\"item\":\"https:\/\/rodslonecznapolana.pl\/\"},{\"@type\":\"ListItem\",\"position\":2,\"name\":\"Zarz\u0105d i Komisja\"}]},{\"@type\":\"WebSite\",\"@id\":\"https:\/\/rodslonecznapolana.pl\/#website\",\"url\":\"https:\/\/rodslonecznapolana.pl\/\",\"name\":\"OGRODY DZIA\u0141KOWE S\u0141ONECZNA POLANA PAWLIKOWICE\",\"description\":\"\",\"potentialAction\":[{\"@type\":\"SearchAction\",\"target\":{\"@type\":\"EntryPoint\",\"urlTemplate\":\"https:\/\/rodslonecznapolana.pl\/?s={search_term_string}\"},\"query-input\":\"required name=search_term_string\"}],\"inLanguage\":\"pl-PL\"}]}<\/script>\n<!-- \/ Yoast SEO plugin. -->","yoast_head_json":{"title":"Zarz\u0105d i Komisja - OGRODY DZIA\u0141KOWE S\u0141ONECZNA POLANA PAWLIKOWICE","robots":{"index":"index","follow":"follow","max-snippet":"max-snippet:-1","max-image-preview":"max-image-preview:large","max-video-preview":"max-video-preview:-1"},"canonical":"https:\/\/rodslonecznapolana.pl\/index.php\/zarzad-i-komisja\/","og_locale":"pl_PL","og_type":"article","og_title":"Zarz\u0105d i Komisja - OGRODY DZIA\u0141KOWE S\u0141ONECZNA POLANA PAWLIKOWICE","og_description":"Zarz\u0105d Rodzinnego Ogrodu Dzia\u0142kowego \u201eS\u0142oneczna Polana\u201d Prezes Zarz\u0105du Andrzej Jankowski dz.nr\u00a0 85 Wiceprezes Zarz\u0105du Zdzis\u0142aw Wo\u017cniak dz.nr\u00a0 12 Sekretarz Beata Groenenboom dz.nr 73 Skarbnik Andrzej Pa\u015b dz.nr\u00a0 66 Cz\u0142onek Zarz\u0105du Grzegorz Pawlik dz. nr\u00a0 88 Cz\u0142onek Zarz\u0105du Miros\u0142aw Koz\u0142owski dz. nr\u00a0 281 b Komisja Rewizyjna w ROD \u201eS\u0142oneczna Polana\u201d Przewodnicz\u0105ca Jadwiga Milczarek dz. nr 148 [&hellip;]","og_url":"https:\/\/rodslonecznapolana.pl\/index.php\/zarzad-i-komisja\/","og_site_name":"OGRODY DZIA\u0141KOWE S\u0141ONECZNA POLANA PAWLIKOWICE","article_modified_time":"2025-02-01T15:53:08+00:00","og_image":[{"width":752,"height":440,"url":"http:\/\/rodslonecznapolana.pl\/wp-content\/uploads\/2017\/08\/zarz\u0105d-752x440.jpg","type":"image\/jpeg"}],"twitter_card":"summary_large_image","twitter_misc":{"Szacowany czas czytania":"1 minuta"},"schema":{"@context":"https:\/\/schema.org","@graph":[{"@type":"WebPage","@id":"https:\/\/rodslonecznapolana.pl\/index.php\/zarzad-i-komisja\/","url":"https:\/\/rodslonecznapolana.pl\/index.php\/zarzad-i-komisja\/","name":"Zarz\u0105d i Komisja - OGRODY DZIA\u0141KOWE S\u0141ONECZNA POLANA PAWLIKOWICE","isPartOf":{"@id":"https:\/\/rodslonecznapolana.pl\/#website"},"primaryImageOfPage":{"@id":"https:\/\/rodslonecznapolana.pl\/index.php\/zarzad-i-komisja\/#primaryimage"},"image":{"@id":"https:\/\/rodslonecznapolana.pl\/index.php\/zarzad-i-komisja\/#primaryimage"},"thumbnailUrl":"https:\/\/rodslonecznapolana.pl\/wp-content\/uploads\/2017\/08\/zarz\u0105d-752x440.jpg","datePublished":"2017-08-14T05:08:58+00:00","dateModified":"2025-02-01T15:53:08+00:00","breadcrumb":{"@id":"https:\/\/rodslonecznapolana.pl\/index.php\/zarzad-i-komisja\/#breadcrumb"},"inLanguage":"pl-PL","potentialAction":[{"@type":"ReadAction","target":["https:\/\/rodslonecznapolana.pl\/index.php\/zarzad-i-komisja\/"]}]},{"@type":"ImageObject","inLanguage":"pl-PL","@id":"https:\/\/rodslonecznapolana.pl\/index.php\/zarzad-i-komisja\/#primaryimage","url":"https:\/\/rodslonecznapolana.pl\/wp-content\/uploads\/2017\/08\/zarz\u0105d-752x440.jpg","contentUrl":"https:\/\/rodslonecznapolana.pl\/wp-content\/uploads\/2017\/08\/zarz\u0105d-752x440.jpg","width":752,"height":440},{"@type":"BreadcrumbList","@id":"https:\/\/rodslonecznapolana.pl\/index.php\/zarzad-i-komisja\/#breadcrumb","itemListElement":[{"@type":"ListItem","position":1,"name":"Strona g\u0142\u00f3wna","item":"https:\/\/rodslonecznapolana.pl\/"},{"@type":"ListItem","position":2,"name":"Zarz\u0105d i Komisja"}]},{"@type":"WebSite","@id":"https:\/\/rodslonecznapolana.pl\/#website","url":"https:\/\/rodslonecznapolana.pl\/","name":"OGRODY DZIA\u0141KOWE S\u0141ONECZNA POLANA PAWLIKOWICE","description":"","potentialAction":[{"@type":"SearchAction","target":{"@type":"EntryPoint","urlTemplate":"https:\/\/rodslonecznapolana.pl\/?s={search_term_string}"},"query-input":"required name=search_term_string"}],"inLanguage":"pl-PL"}]}},"_links":{"self":[{"href":"https:\/\/rodslonecznapolana.pl\/index.php\/wp-json\/wp\/v2\/pages\/10"}],"collection":[{"href":"https:\/\/rodslonecznapolana.pl\/index.php\/wp-json\/wp\/v2\/pages"}],"about":[{"href":"https:\/\/rodslonecznapolana.pl\/index.php\/wp-json\/wp\/v2\/types\/page"}],"author":[{"embeddable":true,"href":"https:\/\/rodslonecznapolana.pl\/index.php\/wp-json\/wp\/v2\/users\/3"}],"replies":[{"embeddable":true,"href":"https:\/\/rodslonecznapolana.pl\/index.php\/wp-json\/wp\/v2\/comments?post=10"}],"version-history":[{"count":15,"href":"https:\/\/rodslonecznapolana.pl\/index.php\/wp-json\/wp\/v2\/pages\/10\/revisions"}],"predecessor-version":[{"id":1887,"href":"https:\/\/rodslonecznapolana.pl\/index.php\/wp-json\/wp\/v2\/pages\/10\/revisions\/1887"}],"wp:featuredmedia":[{"embeddable":true,"href":"https:\/\/rodslonecznapolana.pl\/index.php\/wp-json\/wp\/v2\/media\/458"}],"wp:attachment":[{"href":"https:\/\/rodslonecznapolana.pl\/index.php\/wp-json\/wp\/v2\/media?parent=10"}],"curies":[{"name":"wp","href":"https:\/\/api.w.org\/{rel}","templated":true}]}}