{"id":80,"date":"2017-08-14T07:53:16","date_gmt":"2017-08-14T05:53:16","guid":{"rendered":"http:\/\/rodslonecznapolana.pl\/?page_id=80"},"modified":"2017-08-19T10:15:09","modified_gmt":"2017-08-19T08:15:09","slug":"przydatne-linki","status":"publish","type":"page","link":"https:\/\/rodslonecznapolana.pl\/index.php\/przydatne-linki\/","title":{"rendered":"Przydatne linki"},"content":{"rendered":"<div id=\"comp-iku3z5t9\" class=\"txtNew\" data-reactid=\".0.$SITE_ROOT.$desktop_siteRoot.$PAGES_CONTAINER.$centeredContent.$inlineContent.$SITE_PAGES.$my3l5_DESKTOP.$inlineContent.$comp-iku3z5t9\">\n<p class=\"font_7\">Ogr\u00f3d \u2013atlasy chor\u00f3b, chwast\u00f3w, szkodnik\u00f3w:\u00a0<a style=\"font-weight: inherit;\" href=\"http:\/\/www.adama.com\/polska\/pl\/atlasy\/\" target=\"_blank\" rel=\"noopener noreferrer\" data-content=\"http:\/\/www.adama.com\/polska\/pl\/atlasy\/\" data-type=\"external\">http:\/\/www.adama.com\/polska\/pl\/atlasy\/<\/a><\/p>\n<\/div>\n<div id=\"comp-iku44zut\" class=\"txtNew\" data-reactid=\".0.$SITE_ROOT.$desktop_siteRoot.$PAGES_CONTAINER.$centeredContent.$inlineContent.$SITE_PAGES.$my3l5_DESKTOP.$inlineContent.$comp-iku44zut\">\n<p class=\"font_7\">Ogr\u00f3d biodynamiczny,ogr\u00f3d zgodny z natur\u0105\u00a0<a style=\"font-weight: inherit;\" href=\"http:\/\/www.biodynamiczny.pl\/\" target=\"_blank\" rel=\"noopener noreferrer\" data-content=\"http:\/\/www.biodynamiczny.pl\/\" data-type=\"external\">http:\/\/www.biodynamiczny.pl\/<\/a><\/p>\n<\/div>\n","protected":false},"excerpt":{"rendered":"<p>Ogr\u00f3d \u2013atlasy chor\u00f3b, chwast\u00f3w, szkodnik\u00f3w:\u00a0http:\/\/www.adama.com\/polska\/pl\/atlasy\/ Ogr\u00f3d biodynamiczny,ogr\u00f3d zgodny z natur\u0105\u00a0http:\/\/www.biodynamiczny.pl\/<\/p>\n","protected":false},"author":3,"featured_media":0,"parent":0,"menu_order":0,"comment_status":"closed","ping_status":"closed","template":"","meta":{"footnotes":""},"yoast_head":"<!-- This site is optimized with the Yoast SEO plugin v22.6 - https:\/\/yoast.com\/wordpress\/plugins\/seo\/ -->\n<title>Przydatne linki - OGRODY DZIA\u0141KOWE S\u0141ONECZNA POLANA PAWLIKOWICE<\/title>\n<meta name=\"robots\" content=\"index, follow, max-snippet:-1, max-image-preview:large, max-video-preview:-1\" \/>\n<link rel=\"canonical\" href=\"https:\/\/rodslonecznapolana.pl\/index.php\/przydatne-linki\/\" \/>\n<meta property=\"og:locale\" content=\"pl_PL\" \/>\n<meta property=\"og:type\" content=\"article\" \/>\n<meta property=\"og:title\" content=\"Przydatne linki - OGRODY DZIA\u0141KOWE S\u0141ONECZNA POLANA PAWLIKOWICE\" \/>\n<meta property=\"og:description\" content=\"Ogr\u00f3d \u2013atlasy chor\u00f3b, chwast\u00f3w, szkodnik\u00f3w:\u00a0http:\/\/www.adama.com\/polska\/pl\/atlasy\/ Ogr\u00f3d biodynamiczny,ogr\u00f3d zgodny z natur\u0105\u00a0http:\/\/www.biodynamiczny.pl\/\" \/>\n<meta property=\"og:url\" content=\"https:\/\/rodslonecznapolana.pl\/index.php\/przydatne-linki\/\" \/>\n<meta property=\"og:site_name\" content=\"OGRODY DZIA\u0141KOWE S\u0141ONECZNA POLANA PAWLIKOWICE\" \/>\n<meta property=\"article:modified_time\" content=\"2017-08-19T08:15:09+00:00\" \/>\n<meta name=\"twitter:card\" content=\"summary_large_image\" \/>\n<script type=\"application\/ld+json\" class=\"yoast-schema-graph\">{\"@context\":\"https:\/\/schema.org\",\"@graph\":[{\"@type\":\"WebPage\",\"@id\":\"https:\/\/rodslonecznapolana.pl\/index.php\/przydatne-linki\/\",\"url\":\"https:\/\/rodslonecznapolana.pl\/index.php\/przydatne-linki\/\",\"name\":\"Przydatne linki - OGRODY DZIA\u0141KOWE S\u0141ONECZNA POLANA PAWLIKOWICE\",\"isPartOf\":{\"@id\":\"https:\/\/rodslonecznapolana.pl\/#website\"},\"datePublished\":\"2017-08-14T05:53:16+00:00\",\"dateModified\":\"2017-08-19T08:15:09+00:00\",\"breadcrumb\":{\"@id\":\"https:\/\/rodslonecznapolana.pl\/index.php\/przydatne-linki\/#breadcrumb\"},\"inLanguage\":\"pl-PL\",\"potentialAction\":[{\"@type\":\"ReadAction\",\"target\":[\"https:\/\/rodslonecznapolana.pl\/index.php\/przydatne-linki\/\"]}]},{\"@type\":\"BreadcrumbList\",\"@id\":\"https:\/\/rodslonecznapolana.pl\/index.php\/przydatne-linki\/#breadcrumb\",\"itemListElement\":[{\"@type\":\"ListItem\",\"position\":1,\"name\":\"Strona g\u0142\u00f3wna\",\"item\":\"https:\/\/rodslonecznapolana.pl\/\"},{\"@type\":\"ListItem\",\"position\":2,\"name\":\"Przydatne linki\"}]},{\"@type\":\"WebSite\",\"@id\":\"https:\/\/rodslonecznapolana.pl\/#website\",\"url\":\"https:\/\/rodslonecznapolana.pl\/\",\"name\":\"OGRODY DZIA\u0141KOWE S\u0141ONECZNA POLANA PAWLIKOWICE\",\"description\":\"\",\"potentialAction\":[{\"@type\":\"SearchAction\",\"target\":{\"@type\":\"EntryPoint\",\"urlTemplate\":\"https:\/\/rodslonecznapolana.pl\/?s={search_term_string}\"},\"query-input\":\"required name=search_term_string\"}],\"inLanguage\":\"pl-PL\"}]}<\/script>\n<!-- \/ Yoast SEO plugin. -->","yoast_head_json":{"title":"Przydatne linki - OGRODY DZIA\u0141KOWE S\u0141ONECZNA POLANA PAWLIKOWICE","robots":{"index":"index","follow":"follow","max-snippet":"max-snippet:-1","max-image-preview":"max-image-preview:large","max-video-preview":"max-video-preview:-1"},"canonical":"https:\/\/rodslonecznapolana.pl\/index.php\/przydatne-linki\/","og_locale":"pl_PL","og_type":"article","og_title":"Przydatne linki - OGRODY DZIA\u0141KOWE S\u0141ONECZNA POLANA PAWLIKOWICE","og_description":"Ogr\u00f3d \u2013atlasy chor\u00f3b, chwast\u00f3w, szkodnik\u00f3w:\u00a0http:\/\/www.adama.com\/polska\/pl\/atlasy\/ Ogr\u00f3d biodynamiczny,ogr\u00f3d zgodny z natur\u0105\u00a0http:\/\/www.biodynamiczny.pl\/","og_url":"https:\/\/rodslonecznapolana.pl\/index.php\/przydatne-linki\/","og_site_name":"OGRODY DZIA\u0141KOWE S\u0141ONECZNA POLANA PAWLIKOWICE","article_modified_time":"2017-08-19T08:15:09+00:00","twitter_card":"summary_large_image","schema":{"@context":"https:\/\/schema.org","@graph":[{"@type":"WebPage","@id":"https:\/\/rodslonecznapolana.pl\/index.php\/przydatne-linki\/","url":"https:\/\/rodslonecznapolana.pl\/index.php\/przydatne-linki\/","name":"Przydatne linki - OGRODY DZIA\u0141KOWE S\u0141ONECZNA POLANA PAWLIKOWICE","isPartOf":{"@id":"https:\/\/rodslonecznapolana.pl\/#website"},"datePublished":"2017-08-14T05:53:16+00:00","dateModified":"2017-08-19T08:15:09+00:00","breadcrumb":{"@id":"https:\/\/rodslonecznapolana.pl\/index.php\/przydatne-linki\/#breadcrumb"},"inLanguage":"pl-PL","potentialAction":[{"@type":"ReadAction","target":["https:\/\/rodslonecznapolana.pl\/index.php\/przydatne-linki\/"]}]},{"@type":"BreadcrumbList","@id":"https:\/\/rodslonecznapolana.pl\/index.php\/przydatne-linki\/#breadcrumb","itemListElement":[{"@type":"ListItem","position":1,"name":"Strona g\u0142\u00f3wna","item":"https:\/\/rodslonecznapolana.pl\/"},{"@type":"ListItem","position":2,"name":"Przydatne linki"}]},{"@type":"WebSite","@id":"https:\/\/rodslonecznapolana.pl\/#website","url":"https:\/\/rodslonecznapolana.pl\/","name":"OGRODY DZIA\u0141KOWE S\u0141ONECZNA POLANA PAWLIKOWICE","description":"","potentialAction":[{"@type":"SearchAction","target":{"@type":"EntryPoint","urlTemplate":"https:\/\/rodslonecznapolana.pl\/?s={search_term_string}"},"query-input":"required name=search_term_string"}],"inLanguage":"pl-PL"}]}},"_links":{"self":[{"href":"https:\/\/rodslonecznapolana.pl\/index.php\/wp-json\/wp\/v2\/pages\/80"}],"collection":[{"href":"https:\/\/rodslonecznapolana.pl\/index.php\/wp-json\/wp\/v2\/pages"}],"about":[{"href":"https:\/\/rodslonecznapolana.pl\/index.php\/wp-json\/wp\/v2\/types\/page"}],"author":[{"embeddable":true,"href":"https:\/\/rodslonecznapolana.pl\/index.php\/wp-json\/wp\/v2\/users\/3"}],"replies":[{"embeddable":true,"href":"https:\/\/rodslonecznapolana.pl\/index.php\/wp-json\/wp\/v2\/comments?post=80"}],"version-history":[{"count":3,"href":"https:\/\/rodslonecznapolana.pl\/index.php\/wp-json\/wp\/v2\/pages\/80\/revisions"}],"predecessor-version":[{"id":667,"href":"https:\/\/rodslonecznapolana.pl\/index.php\/wp-json\/wp\/v2\/pages\/80\/revisions\/667"}],"wp:attachment":[{"href":"https:\/\/rodslonecznapolana.pl\/index.php\/wp-json\/wp\/v2\/media?parent=80"}],"curies":[{"name":"wp","href":"https:\/\/api.w.org\/{rel}","templated":true}]}}